ivided by 66.
61
What is the remainder when 95 is divided by 22?
7
What is the remainder when 2482 is divided by 36?
34
Calculate the remainder when 1930 is divided by 77.
5
What is the remainder when 18998 is divided by 38?
36
Calculate the remainder when 6846 is divided by 9.
6
What is the remainder when 50 is divided by 42?
8
Calculate the remainder when 351 is divided by 94.
69
What is the remainder when 1822 is divided by 906?
10
Calculate the remainder when 181 is divided by 114.
67
What is the remainder when 901 is divided by 44?
21
Calculate the remainder when 2528 is divided by 149.
144
Calculate the remainder when 101 is divided by 32.
5
What is the remainder when 329 is divided by 56?
49
Calculate the remainder when 35 is divided by 10.
5
Calculate the remainder when 185 is divided by 87.
11
What is the remainder when 516 is divided by 47?
46
Calculate the remainder when 15 is divided by 4.
3
What is the remainder when 387 is divided by 41?
18
What is the remainder when 96 is divided by 53?
43
Calculate the remainder when 558 is divided by 47.
41
What is the remainder when 287 is divided by 22?
1
What is the remainder when 2162 is divided by 23?
0
Calculate the remainder when 17 is divided by 3.
2
What is the remainder when 246 is divided by 55?
26
What is the remainder when 683 is divided by 38?
37
Calculate the remainder when 30 is divided by 21.
9
What is the remainder when 1048 is divided by 15?
13
Calculate the remainder when 6671 is divided by 1664.
15
Calculate the remainder when 122 is divided by 24.
2
What is the remainder when 521 is divided by 507?
14
Calculate the remainder when 1702 is divided by 354.
286
What is the remainder when 145 is divided by 90?
55
What is the remainder when 18075 is divided by 179?
175
What is the remainder when 109 is divided by 56?
53
What is the remainder when 493 is divided by 31?
28
Calculate the remainder when 830 is divided by 32.
30
What is the remainder when 135 is divided by 118?
17
Calculate the remainder when 1982 is divided by 983.
16
Calculate the remainder when 499 is divided by 167.
165
What is the remainder when 8271 is divided by 31?
25
What is the remainder when 9 is divided by 5?
4
Calculate the remainder when 4107 is divided by 30.
27
Calculate the remainder when 28 is divided by 9.
1
What is the remainder when 247 is divided by 27?
4
What is the remainder when 89 is divided by 3?
2
Calculate the remainder when 382 is divided by 5.
2
What is the remainder when 2728 is divided by 249?
238
What is the remainder when 1565 is divided by 196?
193
What is the remainder when 476 is divided by 15?
11
What is the remainder when 154 is divided by 78?
76
Calculate the remainder when 1226 is divided by 307.
305
Calculate the remainder when 114 is divided by 48.
18
What is the remainder when 433 is divided by 196?
41
Calculate the remainder when 723 is divided by 11.
8
What is the remainder when 163 is divided by 35?
23
What is the remainder when 624 is divided by 105?
99
What is the remainder when 1526 is divided by 80?
6
Calculate the remainder when 74 is divided by 58.
16
Calculate the remainder when 145 is divided by 30.
25
What is the remainder when 4284 is divided by 32?
28
Calculate the remainder when 2576 is divided by 6.
2
What is the remainder when 79 is divided by 22?
13
Calculate the remainder when 187 is divided by 92.
3
What is the remainder when 1055 is divided by 6?
5
What is the remainder when 1126 is divided by 225?
1
Calculate the remainder when 2760 is divided by 81.
6
Calculate the remainder when 81 is divided by 21.
18
Calculate the remainder when 3013 is divided by 9.
7
What is the remainder when 83 is divided by 12?
11
What is the remainder when 342 is divided by 174?
168
What is the remainder when 348 is divided by 13?
10
What is the remainder when 270 is divided by 111?
48
Calculate the remainder when 10280 is divided by 149.
148
Calculate the remainder when 152 is divided by 13.
9
What is the remainder when 371 is divided by 47?
42
Calculate the remainder when 4484 is divided by 204.
200
Calculate the remainder when 123 is divided by 25.
23
What is the remainder when 9614 is divided by 5?
4
What is the remainder when 1558 is divided by 60?
58
Calculate the remainder when 904 is divided by 70.
64
Calculate the remainder when 13139 is divided by 6.
5
Calculate the remainder when 1039 is divided by 47.
5
Calculate the remainder when 215 is divided by 57.
44
What is the remainder when 1247 is divided by 138?
5
Calculate the remainder when 231 is divided by 6.
3
What is the remainder when 20 is divided by 12?
8
Calculate the remainder when 502 is divided by 6.
4
Calculate the remainder when 26 is divided by 24.
2
Calculate the remainder when 762 is divided by 45.
42
Calculate the remainder when 1244 is divided by 202.
32
Calculate the remainder when 339 is divided by 14.
3
Calculate the remainder when 178 is divided by 58.
4
What is the remainder when 1112 is divided by 53?
52
What is the remainder when 47 is divided by 20?
7
Calculate the remainder when 2902 is divided by 7.
4
What is the remainder when 83 is divided by 46?
37
Calculate the remainder when 123 is divided by 42.
39
What is the remainder when 2696 is divided by 66?
56
What is the remainder when 2723 is divided by 677?
15
Calculate the remainder when 82 is divided by 36.
10
Calculate the remainder when 171 is divided by 5.
1
What is the remainder when 184 is divided by 12?
4
Calculate the remainder when 672 is divided by 668.
4
Calculate the remainder when 753 is divided by 74.
13
What is the remainder when 1609 is divided by 16?
9
Calculate the remainder when 8425 is divided by 17.
10
What is the remainder when 111 is divided by 30?
21
What is the remainder when 519 is divided by 4?
3
What is the remainder when 163 is divided by 32?
3
Calculate the remainder when 1345 is divided by 134.
5
What is the remainder when 81 is divided by 22?
15
What is the remainder when 402 is divided by 118?
48
What is the remainder when 5129 is divided by 15?
14
Calculate the remainder when 418 is divided by 108.
94
What is the remainder when 12942 is divided by 15?
12
Calculate the remainder when 823 is divided by 22.
9
What is the remainder when 246 is divided by 31?
29
Calculate the remainder when 382 is divided by 8.
6
What is the remainder when 747 is divided by 187?
186
What is the remainder when 215 is divided by 187?
28
Calculate the remainder when 1355 is divided by 21.
11
Calculate the remainder when 483 is divided by 54.
51
What is the remainder when 33 is divided by 3?
0
What is the remainder when 70 is divided by 11?
4
Calculate the remainder when 871 is divided by 219.
214
Calculate the remainder when 173 is divided by 46.
35
What is the remainder when 1559 is divided by 779?
1
What is the remainder when 102 is divided by 36?
30
What is the remainder when 7379 is divided by 3688?
3
Calculate the remainder when 33 is divided by 14.
5
Calculate the remainder when 2649 is divided by 156.
153
Calculate the remainder when 412 is divided by 9.
7
Calculate the remainder when 831 is divided by 68.
15
Calculate the remainder when 294 is divided by 13.
8
Calculate the remainder when 32 is divided by 10.
2
Calculate the remainder when 1024 is divided by 18.
16
What is the remainder when 93 is divided by 16?
13
What is the remainder when 33 is divided by 5?
3
What is the remainder when 442 is divided by 45?
37
What is the remainder when 28 is divided by 12?
4
What is the remainder when 67 is divided by 23?
21
What is the remainder when 26361 is divided by 98?
97
What is the remainder when 1055 is divided by 132?
131
Calculate the remainder when 1695 is divided by 84.
15
Calculate the remainder when 197 is divided by 56.
29
What is the remainder when 138 is divided by 68?
2
Calculate the remainder when 511 is divided by 86.
81
What is the remainder when 643 is divided by 81?
76
What is the remainder when 984 is divided by 141?
138
Calculate the remainder when 269 is divided by 50.
19
What is the remainder when 1724 is divided by 54?
50
Calculate the remainder when 421 is divided by 58.
15
What is the remainder when 20214 is divided by 152?
150
Calculate the remainder when 89 is divided by 19.
13
Calculate the rema